en q is divided by 38?
32
Let g(n) = -n + 5. Let z be g(2). Suppose 0 = -l + z*l, -r - 5*l = -18. Calculate the remainder when r is divided by ((-21)/(-3) - -2) + -2.
4
Suppose 0 = -2*v + 100 + 56. What is the remainder when v + (4/8)/((-2)/(-4)) is divided by 16?
15
Let u = 45 + -7. Calculate the remainder when u is divided by 22.
16
Let v = -111 - -135. Suppose p - 56 + v = 0. Calculate the remainder when 127 is divided by p.
31
Let u be ((-2 + -16)/1)/1. Let x = 28 + u. Suppose -7 - x = -i. What is the remainder when i is divided by 4?
1
Suppose -2*p + 2*n = -80, 4*p - 2*n = -0*n + 154. What is the remainder when 37 is divided by p?
0
Suppose 10 = 2*n + 2*d - 60, 2*n + d = 65. What is the remainder when 87 is divided by n?
27
Let y(c) = c**3 - 5*c**2 - 19*c - 53. What is the remainder when y(10) is divided by 67?
56
Let k be (5 + -17)/(-3) + (113 - -2). Let w = -102 + k. Calculate the remainder when 50 is divided by w.
16
What is the remainder when (-42)/49 - (-7160)/56 is divided by 1/(2/84) - -1?
41
Suppose 0 = g + 3*g - 60. Let d = g - 10. Let q(i) = -20*i**3 - i**2. What is the remainder when q(-1) is divided by d?
4
Let n(u) = 4*u**2 + 6*u + 3. Suppose -5*a + 10 + 76 = x, -2*a + 5*x = -29. Calculate the remainder when n(-4) is divided by a.
9
Let a = 1128 + -1010. Calculate the remainder when 356 is divided by a.
2
Suppose 0 = -5*l + c + 87, 5*l = -2*c + 48 + 48. Let g = 1405 + -1400. Calculate the remainder when (3/6)/(1/l) is divided by g.
4
Suppose -3*p + 12 = 3*l, 2*p - 4 - 7 = -3*l. What is the remainder when (32 + -15)*(2 - p) is divided by 2?
1
Let h(g) = 3*g - 4. Let w(i) = 6*i - 8. Let s(y) = -7*h(y) + 3*w(y). Calculate the remainder when s(-8) is divided by 11.
6
Suppose -372 = 4*o - 4*v, o = 3*o + 4*v + 192. Let n = 143 + o. What is the remainder when n is divided by 25?
24
Let w(a) = a**3 + 20*a**2 + 17*a - 25. Calculate the remainder when 740 is divided by w(-19).
12
Let a = 0 + 5. Let z be (3 - 3)/2 + a. Suppose 0 = 3*x - 0*x - 3, -z*x = -5*q + 20. What is the remainder when 17 is divided by q?
2
Let u(x) = -x**3 + 7*x**2 - 4*x. Let r be u(6). What is the remainder when 53/4 - 2/8 is divided by (3 + 0)/(r/16)?
1
Suppose 1 = -4*f - 2*w - 1, -3 = 3*w. Suppose 3*k + 4*c + f = 11, 0 = 2*c + 8. Let r = -27 - -52. Calculate the remainder when r is divided by k.
7
Suppose -y + 7 = -4*b, -2*y = 2*y - 2*b. Let l(v) = -81*v + 1. Calculate the remainder when l(y) is divided by 14.
12
Suppose -2*p + 27 = -p. Let z = 33 - p. What is the remainder when z is divided by 6?
0
Let g be -4 - -3 - 11*2. Let b = g - -41. Let j = 140 + -88. Calculate the remainder when j is divided by b.
16
Let f(n) = -n**3 + 4*n**2 + 2*n - 4. Let v be f(4). Suppose 5*m - 315 = -v*m. Let s = 35 - 16. Calculate the remainder when m is divided by s.
16
Let j = 21 - -15. What is the remainder when 69 is divided by (1 + 0)/(2/j)?
15
Suppose 44*j + 2*c - 53 = 43*j, -5*c = j - 68. What is the remainder when 157 is divided by j?
28
Let d = -58 + 59. Let r(t) = 130*t + 2. Calculate the remainder when r(d) is divided by 34.
30
Let z(i) = i**2 - 10*i + 12. Suppose -3*x = 5*h - 0*x - 7, 8 = 3*h - 2*x. Suppose h*w = 25 - 5. Calculate the remainder when z(w) is divided by 5.
2
Let i(j) = 8*j**2 + 19*j - 76. Suppose -g - 5*h + 4*h + 19 = 0, -3*g = 2*h - 52. Calculate the remainder when i(3) is divided by g.
11
Suppose 0 = -0*y - 8*y + 88. What is the remainder when 460 is divided by y?
9
Suppose 168*q - 152*q - 1696 = 0. Calculate the remainder when q is divided by 95.
11
Let p(y) = -4*y**3 - 2*y - 1. Let j be (8/16)/((-2)/8). Calculate the remainder when 102 is divided by p(j).
32
Suppose 10*k = 4*l + 3*k - 979, -241 = -l - 2*k. What is the remainder when l is divided by 25?
18
Let n be 1/(-3 + (-6)/(-3)). Let b be 2 - (-1)/(n/13). Let l = b - -25. What is the remainder when 55 is divided by l?
13
Let m(t) = t**2 - t + 39. Suppose -22*j + 4*g = -23*j + 14, 2*j - 3*g - 6 = 0. Calculate the remainder when m(0) is divided by j.
3
Suppose c = -1, 4*d - c - 19 = 2*c. Let s(z) = 5*z - 5. Let o = 4 - 0. Calculate the remainder when s(o) is divided by d.
3
What is the remainder when (-100 - -11 - 12)*-4 is divided by 106?
86
Let l = 12 - 7. Calculate the remainder when l is divided by ((-5)/3 - 1)*(-6)/4.
1
Suppose 0 = 3*q - 3, -2*m + 16 = 4*q - 24. Suppose -2*n + 63 = -3*z, 0 = 7*n - 2*n - z - 164. Calculate the remainder when n is divided by m.
15
Suppose -56*j + 1080 = -50*j. What is the remainder when j is divided by 14?
12
Calculate the remainder when (-1)/5 - (142688/70)/(-7) is divided by 28.
11
Suppose -5*k + 17 - 7 = 0. Suppose -k*g = 2*g - 128. Let h = g - 14. Calculate the remainder when 52 is divided by h.
16
Suppose 940*n = 942*n - 206. What is the remainder when 197 is divided by n?
94
Suppose -161 = 5*r + h, 9*h + 153 = -5*r + 6*h. Let c = 61 + r. Calculate the remainder when c is divided by 6.
4
Let w = -418 + 422. What is the remainder when 38 is divided by w?
2
Let w be 1*((-3 - -7) + -4). Let r be (-1)/1 - (w - 4). Suppose 3*k - 2*d - 30 = -k, k + r*d = 4. What is the remainder when 17 is divided by k?
3
Let u(s) = 2*s**2 - 28*s + 28. Let g = 135 + -118. What is the remainder when u(g) is divided by 22?
20
Let v be (-2 - -2)/(-6 + 4). Suppose -6*f + 80 + 196 = v. What is the remainder when f is divided by 12?
10
Suppose 36*g - 11*g = 350. Calculate the remainder when 166 is divided by g.
12
Calculate the remainder when (-513)/(-6) - 1/(-2) is divided by 3312/304 - (-1)/((-38)/(-4)).
9
Let q(k) = -7 + 8*k + 5*k**2 - 5*k**2 + k**3 + 10*k**2. Let x be q(-9). Suppose 0 = 5*d - x*d - 75. Calculate the remainder when d is divided by 13.
12
Suppose 3*o - 95 = -2*o. Suppose -24*r + 12*r - 216 = 0. Let y = o + r. What is the remainder when 3 is divided by y?
0
Suppose 9 = 3*v, -5*b + 4*v - 5*v = -63. What is the remainder when ((-45)/(-2))/3*6 is divided by b?
9
Let w be 0/(4/(-4) + 3). Suppose y + y - 16 = w. Suppose u - 20 + y = 0. Calculate the remainder when u is divided by 3.
0
Let y(u) = -27*u + 9. Suppose 0 = 2*s - 2, -l - 2*s = 3 - 0. What is the remainder when y(l) is divided by 37?
33
Let z(k) = 2*k**2 + 22*k - 22. Let x be z(-12). Suppose 5*o = x*d - 138, -2*d = -0*o + 4*o - 138. What is the remainder when d is divided by 8?
5
Let w = 34 - -361. Calculate the remainder when w is divided by 12.
11
Let n = 14 + -10. Let q(d) = d**3 - d**2 - d - 1. Suppose 0 = 2*l + 4 - 34. What is the remainder when q(n) is divided by l?
13
Suppose 203 = 8*v - 485. Calculate the remainder when v is divided by 49.
37
Let t be 14 - ((-3)/2)/((-6)/(-12)). Suppose v - t = 3*q, q + 81 = 4*v + 2*q. Let y = 106 + -49. Calculate the remainder when y is divided by v.
17
Let q be (-18 + (6 - 3))*(-3)/(-9). Suppose -2*f + f - 3*s = -21, f = -s + 27. Calculate the remainder when f is divided by (32/q)/(2/(-5)).
14
Suppose 0 = 2*z + 27 - 49. Suppose z*p = 4*p + 161. Calculate the remainder when 38 is divided by p.
15
Let c(v) = -9*v**2 + 265*v + 49. Calculate the remainder when c(29) is divided by 14.
11
What is the remainder when 3/(-2*18/(-624)) is divided by 9?
7
Let b(k) = -k**3 + 21*k**2 + 23*k + 48. Calculate the remainder when 131 is divided by b(22).
61
Let q(y) = -y**3 - 10*y**2 - 38*y - 4. What is the remainder when q(-7) is divided by 41?
33
Let x(v) = 3*v - 3. Let u be x(16). Let m = u + 73. Calculate the remainder when m is divided by 11.
8
Suppose 4*m - 12 = 3*m. Suppose -78*j + 66*j + 384 = 0. What is the remainder when j is divided by m?
8
Let c(t) = -t**3 + 37*t**2 + 38*t + 5. Calculate the remainder when (-4)/10 - 92/(-5) is divided by c(38).
3
Suppose u + s = 2*s - 2, -13 = 2*u - 5*s. Suppose 0 = -3*y + 11 - 2. Calculate the remainder when y is divided by u.
0
Suppose -118 = -4*l - 5*v, -4*l + 72 = -3*v - 30. What is the remainder when 52 is divided by l?
25
Suppose 0*j - 68 = j. Let s = -49 - j. Calculate the remainder when 55 is divided by s.
17
Let r = 19 + -35. Suppose -f + 0*l + 29 = -4*l, -4*f + 94 = -5*l. Let h = f + r. What is the remainder when 12 is divided by h?
2
Let x(z) = 3*z**2 - 10. What is the remainder when x(5) is divided by 22?
21
Suppose 0 = -5*h + 214 - 9. Let z = -26 + 29. Suppose z*p - 5*n - 39 - 14 = 0, p + 5*n + 9 = 0. Calculate the remainder